2?
2276
In base 3, what is 10110112 + -2?
10110110
In base 2, what is -101 + 1100010100001?
1100010011100
In base 8, what is 151 - 3?
146
In base 16, what is 18 - -36?
4e
In base 3, what is 110 + 100122?
101002
In base 4, what is 23 - -32?
121
In base 12, what is -37 + 34?
-3
In base 14, what is 2 - -6b?
6d
In base 14, what is 7 - 10?
-7
In base 16, what is 7 - 24?
-1d
In base 4, what is 10 - -12122?
12132
In base 7, what is 3 + 40?
43
In base 2, what is -111010000 - 0?
-111010000
In base 4, what is -13032 - 1031?
-20123
In base 10, what is -1 - -425?
424
In base 13, what is 3 + -3?
0
In base 6, what is 5013 + 3?
5020
In base 15, what is -53 - -1a?
-38
In base 12, what is -20 - 332?
-352
In base 10, what is -1616 - 5?
-1621
In base 4, what is 311 + -122?
123
In base 2, what is 11 - -11111111?
100000010
In base 4, what is 3 + -1002?
-333
In base 4, what is 10301 + 23?
10330
In base 16, what is 1 - -f5?
f6
In base 4, what is 300 - -222?
1122
In base 15, what is 3 + 6?
9
In base 4, what is 2010 - -10?
2020
In base 2, what is 11110100010 + 1000?
11110101010
In base 12, what is -7 + -18?
-23
In base 9, what is -1 - 35?
-36
In base 10, what is -1 - -9?
8
In base 9, what is 1701 - 5?
1685
In base 9, what is 5 - 304?
-288
In base 6, what is -52242 + -3?
-52245
In base 8, what is 3 - -234?
237
In base 4, what is -21103 - -1?
-21102
In base 9, what is 4 - -6?
11
In base 3, what is 22020012 - -12?
22020101
In base 16, what is 3a + -f?
2b
In base 5, what is -11 - 40?
-101
In base 4, what is -1 + 1101?
1100
In base 13, what is -3275 - -4?
-3271
In base 8, what is -4733 + 1?
-4732
In base 4, what is 11021 + -3?
11012
In base 14, what is 0 + -a?
-a
In base 11, what is -5 - -11?
7
In base 8, what is -324 - -2?
-322
In base 2, what is 1100100110 + 10111?
1100111101
In base 12, what is -2b + -4?
-33
In base 3, what is -2121000 + 10?
-2120220
In base 4, what is -2300 + -3?
-2303
In base 10, what is 4 + -16?
-12
In base 9, what is 4 - 8180?
-8175
In base 11, what is 2 - -286?
288
In base 8, what is -1354 + -2?
-1356
In base 2, what is 1000011 + 10?
1000101
In base 5, what is 224 - 1110?
-331
In base 5, what is 0 - 14340?
-14340
In base 16, what is 3 - -4ba?
4bd
In base 15, what is 1 + 3e?
40
In base 7, what is 110 - -220?
330
In base 11, what is 1a - 38?
-19
In base 6, what is -5 + 11115?
11110
In base 3, what is -1021220 - -11?
-1021202
In base 14, what is -4 - 33?
-37
In base 5, what is -23 - -2?
-21
In base 7, what is -6 - 1105?
-1114
In base 12, what is -3 + 2?
-1
In base 13, what is -14 - -6?
-b
In base 4, what is -1 - 331331?
-331332
In base 15, what is e + -246?
-237
In base 10, what is 8 + -858?
-850
In base 16, what is 5 + -ae7?
-ae2
In base 6, what is -4 + 2204?
2200
In base 9, what is 644 - 5?
638
In base 8, what is 3 - -156?
161
In base 10, what is -2512 - -4?
-2508
In base 13, what is 0 - -106?
106
In base 3, what is 2021002 - 2?
2021000
In base 16, what is 0 - -54c?
54c
In base 15, what is 1 + 50?
51
In base 5, what is -101104 - -2?
-101102
In base 2, what is -1001100111 + -110?
-1001101101
In base 16, what is -5 - -6d1?
6cc
In base 7, what is -3 + -50?
-53
In base 7, what is 2510 + 4?
2514
In base 14, what is -28 - 10?
-38
In base 13, what is 8 + -5a?
-52
In base 3, what is -22 + -1012222?
-1020021
In base 2, what is -111101 - 1110100?
-10110001
In base 4, what is 302 - -1123?
2031
In base 11, what is 41 + 3?
44
In base 9, what is 14 + -14?
0
In base 2, what is -10000011 - 11011?
-10011110
In base 13, what is -413 + -b?
-421
In base 16, what is 294c - 3?
2949
In base 6, what is -5521 + -10?
-5531
In base 15, what is c6 + 2?
c8
In base 9, what is 171 - -12?
183
In base 16, what is -1 - -6?
5
In base 15, what is 5 - -3a2?
3a7
In base 15, what is 3 + -3a?
-37
In base 13, what is 1 - -174?
175
In base 14, what is -20 + -7?
-27
In base 12, what is 39 + -16?
23
In base 14, what is -1 + 7d9?
7d8
In base 5, what is -413 + 1?
-412
In base 10, what is 0 - -24?
24
In base 13, what is 4964 - 3?
4961
In base 14, what is -159 + 2?
-157
In base 13, what is -5 - -23?
1b
In base 8, what is 2 - 2650?
-2646
In base 14, what is -2 + 7c0?
7bc
In base 13, what is -5 + -117?
-11c
In base 7, what is -21 + 2313?
2262
In base 3, what is -1 - 1120122?
-1120200
In base 5, what is 414 - -32?
1001
In base 14, what is 2 - -237?
239
In base 16, what is -2 - 16b?
-16d
In base 14, what is -19 + -18?
-33
In base 13, what is -4 + 1?
-3
In base 6, what is 5 - -22013?
22022
In base 14, what is -4 + 30?
2a
In base 16, what is -5 + a3f?
a3a
In base 2, what is 111 - 100?
11
In base 9, what is 15 + 23?
38
In base 15, what is -1 - -1a?
19
In base 11, what is -2 - 114?
-116
In base 10, what is 89 + 2?
91
In base 14, what is -10 - 66?
-76
In base 10, what is 5 + 4?
9
In base 4, what is 302103 + -11?
302032
In base 3, what is 101 + 111?
212
In base 15, what is 19 + c?
26
In base 14, what is 4 + 2340?
2344
In base 13, what is -14 - -3c3?
3ac
In base 10, what is 528 + 2?
530
In base 11, what is 137 + 15?
151
In base 8, what is -20541 - -4?
-20535
In base 5, what is 234 + 1?
240
In base 2, what is -110101 - 0?
-110101
In base 14, what is 99 + 4?
9d
In base 2, what is -10111 - 1?
-11000
In base 5, what is 2 - -144?
201
In base 5, what is 130 + 102?
232
In base 14, what is 2a3 + 5?
2a8
In base 10, what is 237 - -6?
243
In base 11, what is -33a + 4?
-336
In base 3, what is 12121 - 0?
12121
In base 2, what is -10 - -1001111101?
1001111011
In base 11, what is 6 - 1929?
-1923
In base 14, what is 5 + -86?
-81
In base 14, what is 7da + 5?
801
In base 16, what is -3 - -22?
1f
In base 5, what is -3 - 3?
-11
In base 8, what is -4 - 7411?
-7415
In base 15, what is c17 + 0?
c17
In base 15, what is 48 - 7?
41
In base 14, what is -2 + 2?
0
In base 12, what is 0 - -55?
55
In base 3, what is 20121 + -2?
20112
In base 7, what is -2 + 1?
-1
In base 5, what is -3 + -23044?
-23102
In base 5, what is -132301 - 0?
-132301
In base 11, what is -217 - 3?
-21a
In base 7, what is 213 + 2?
215
In base 12, what is 945 + -1?
944
In base 8, what is 530 + -1?
527
In base 13, what is 2 - -51a?
51c
In base 13, what is -3 - -18?
15
In base 2, what is 0 - -100001101011?
100001101011
In base 9, what is 6468 - 4?
6464
In base 11, what is 3 - 5a?
-57
In base 16, what is -cb - 2?
-cd
In base 14, what is 5d6 - 5?
5d1
In base 11, what is -1 + 183?
182
In base 7, what is 4 + 200?
204
In base 8, what is 67 + -2?
65
In base 4, what is -2 - -1111?
1103
In base 2, what is -1111 - 10?
-10001
In base 4, what is -11130 + 1?
-11123
In base 15, what is 2 - -12?
14
In base 6, what is -50043 - 1?
-50044
In base 12, what is b - 3?
8
In base 5, what is 1202 + -10?
1142
In base 6, what is -1004 + 153?
-411
In base 15, what is 541 - 4?
53c
In base 12, what is 239 + 0?
239
In base 2, what is 1011111011 + 11?
1011111110
In base 5, what is 3 - 1010?
-1002
In base 10, what is 366 - -5?
371
In base 7, what is -36 - -53?
14
In base 12, what is 27 + -6?
21
In base 9, what is 334 + 4?
338
In base 11, what is -2908 - 4?
-2911
In base 3, what is -2 + 10221?
10212
In base 2, what is 101 - -1001010?
1001111
In base 6, what is -1 + -150?
-151
In base 11, what is -90 - -3?
-88
In base 7, what is 32415 + 2?
32420
In base 7, what is 1 + 2301?
2302
In base 14, what is 0 + 45?
45
In base 3, what is 122011 - 10?
122001
In base 2, what is -10000 - 0?
-10000
In base 6, what is 5005 - 5?
5000
In base 13, what is -1 - -1170?
116c
In base 13, what is -55 - 4?
-59
In base 13, what is 1c - 1?
1b
In base 3, what is 2 - 10020?
-10011
In base 14, what is -2572 + 4?
-256c
In base 5, what is 1112 + 0?
1112
In base 12, what is 1 - 97?
-96
In base 2, what is 100111111 + 11?
101000010
In base 7, what is -2 + -350?
-352
In base 8, what is 6 + 57?
65
In base 3, what is -1002110 + 1?
-1002102
In base 15, what is 0 + -60?
-60
In base 9, what is -611 - 2?
-613
In base 13, what is -3 - -7?
4
In base 12, what is -2 + 45?
43
In base 16, what is -19 - 9?
-22
In base 16, what is 4 + -37?
-33
In base 16, what is -3 + 22e?
22b
In base 7, what is 60 - 3?
54
In base 9, what is -7 - 30?
-37
In base 4, what is -10 - 2?
-12
In base 10, what is 327 - 4?
323
In base 6, what is -21 - 154?
-215
In base 13, what is -1b - 3?
-21
In base 8, what is -3 - 5350?
-5353
In base 16, what is -2 + -88?
-8a
In base